Is 16906611593 composite?
True
Is 1790130287 a composite number?
True
Is 1265023139 prime?
False
Is 1726060859 a prime number?
True
Is 111753939287 prime?
False
Is 15512092117 a prime number?
True
Is 242892527 prime?
True
Is 23026801319 prime?
True
Is 78382963721 a composite number?
True
Is 6349715161 prime?
True
Is 7121174707 a composite number?
True
Is 4035324067 composite?
True
Is 9618619897 a composite number?
True
Is 83976031465 prime?
False
Is 5602424323 a composite number?
True
Is 56180707103 composite?
True
Is 563593 a prime number?
True
Is 282278461 a composite number?
False
Is 204156093 a composite number?
True
Is 159952644079 a prime number?
True
Is 3369027245 composite?
True
Is 13061678943 a composite number?
True
Is 34116514853 composite?
True
Is 15728369 a composite number?
False
Is 1578746867 prime?
True
Is 631652953 composite?
True
Is 33242186951 a composite number?
False
Is 2767048987 composite?
False
Is 54590905441 prime?
False
Is 10115249021 a composite number?
False
Is 979711583 prime?
True
Is 190348297 a prime number?
True
Is 2381926871 a composite number?
False
Is 56219640473 a composite number?
False
Is 469940855 a prime number?
False
Is 5682277889 composite?
False
Is 1046097869 a composite number?
False
Is 309304209 prime?
False
Is 148619609 composite?
False
Is 12672362539 a prime number?
True
Is 72980919563 a composite number?
False
Is 24870221633 prime?
True
Is 1056318083 prime?
False
Is 64160220721 composite?
True
Is 3772370003 a composite number?
True
Is 13091041 a prime number?
True
Is 2688640963 prime?
False
Is 305040251 a composite number?
True
Is 129740823647 prime?
True
Is 4135505683 a composite number?
True
Is 294791221 prime?
False
Is 12491581213 a composite number?
False
Is 17282553209 prime?
False
Is 426147641 a composite number?
False
Is 28185765467 a composite number?
False
Is 822616007 a composite number?
False
Is 505849605527 a prime number?
False
Is 1543067221 composite?
False
Is 308010061 prime?
True
Is 10103981479 composite?
False
Is 38615009441 a prime number?
True
Is 1132535141 a prime number?
True
Is 18482917937 a composite number?
True
Is 812276791 a prime number?
True
Is 774541199 prime?
False
Is 48874044029 a prime number?
True
Is 589456643 a prime number?
True
Is 311570731 composite?
True
Is 82749539 composite?
False
Is 2132397469 prime?
True
Is 8102929613 composite?
True
Is 2657175329 prime?
False
Is 46592794763 a prime number?
True
Is 1528503787 a prime number?
False
Is 716503283 a composite number?
True
Is 365120537 prime?
True
Is 46775059 composite?
True
Is 2800369909 a prime number?
True
Is 104142843859 a composite number?
True
Is 74082648463 composite?
False
Is 721049261 prime?
False
Is 5631918073 composite?
False
Is 24731475697 prime?
True
Is 12947469023 a composite number?
False
Is 3097165321 a prime number?
True
Is 4887196337 a prime number?
True
Is 12297490915 composite?
True
Is 6430992707 a composite number?
False
Is 1223950447 composite?
False
Is 16567918469 prime?
False
Is 4684547851 a composite number?
False
Is 9263926951 a composite number?
True
Is 26896913561 composite?
True
Is 1648992263 a prime number?
True
Is 3379881539 a prime number?
True
Is 2695819349 a prime number?
True
Is 670140479 a composite number?
True
Is 10534052821 composite?
False
Is 563180687 composite?
False
Is 2807135167 a composite number?
False
Is 12168588067 a prime number?
True
Is 26660339707 a composite number?
False
Is 285602881 composite?
False
Is 1981121761 composite?
True
Is 1052602654 prime?
False
Is 8477127007 a composite number?
False
Is 1228573057 composite?
False
Is 2023783 a prime number?
True
Is 1946957197 composite?
False
Is 26871186137 composite?
False
Is 196493246473 composite?
False
Is 16627692929 composite?
False
Is 5055000563 a composite number?
False
Is 488168959 composite?
True
Is 124459649 composite?
False
Is 4146769763 a prime number?
True
Is 86742491 composite?
True
Is 45570295 a prime number?
False
Is 1885685573 prime?
False
Is 49066543 a composite number?
True
Is 41682796721 a prime number?
False
Is 1128808847 a composite number?
True
Is 24380749621 a composite number?
True
Is 2303869801 prime?
False
Is 150429811 a prime number?
False
Is 2556458687 prime?
True
Is 64491656543 composite?
False
Is 2160813901 a prime number?
False
Is 74126854793 composite?
False
Is 15915413177 composite?
True
Is 29192668207 prime?
True
Is 90639121 a prime number?
False
Is 60615952753 prime?
False
Is 102137178679 composite?
True
Is 1035258619 a composite number?
False
Is 507741049 a composite number?
False
Is 5053494053 composite?
True
Is 198275514301 prime?
True
Is 124367714255 a composite number?
True
Is 285355195 prime?
False
Is 73429207 prime?
True
Is 2047619143 a composite number?
False
Is 608254811 composite?
True
Is 151218822743 a composite number?
True
Is 803913077 prime?
False
Is 1831592431 a prime number?
False
Is 100680899 a composite number?
True
Is 8715462263 a composite number?
True
Is 720962717 composite?
False
Is 1425102787 prime?
True
Is 15394597717 composite?
True
Is 2447054293 composite?
False
Is 16179713917 composite?
True
Is 1274446187 a composite number?
True
Is 517122561 a prime number?
False
Is 324273799 prime?
False
Is 4630482862 a composite number?
True
Is 2843047873 a prime number?
True
Is 6066579826 prime?
False
Is 2978061133 a composite number?
True
Is 14807955181 a composite number?
False
Is 872736559 composite?
True
Is 21811868471 a prime number?
False
Is 13860156613 a composite number?
True
Is 62510812033 prime?
True
Is 1051053529 composite?
True
Is 7810602941 a prime number?
True
Is 7473360277 prime?
True
Is 24747192007 a composite number?
False
Is 577861157069 composite?
True
Is 5696803223 a composite number?
False
Is 3279781037 a composite number?
True
Is 9246378677 prime?
False
Is 12364103069 a composite number?
False
Is 5305643669 prime?
False
Is 71866217 a composite number?
True
Is 898342649 prime?
True
Is 571478549 composite?
True
Is 7685668651 composite?
False
Is 758295949 a prime number?
False
Is 58572694681 a composite number?
False
Is 1608006691 a composite number?
False
Is 1935005177 a prime number?
False
Is 8023911533 composite?
True
Is 6654783989 a composite number?
True
Is 8467563023 prime?
False
Is 4472224738 a composite number?
True
Is 5592591131 a composite number?
False
Is 356902391 a composite number?
True
Is 297404915 prime?
False
Is 396219611 composite?
False
Is 145454739 a composite number?
True
Is 10480302881 composite?
False
Is 27781149371 prime?
False
Is 1245583117 prime?
False
Is 50691803433 a prime number?
False
Is 79431023587 prime?
True
Is 1739992523 composite?
False
Is 3553335553 a composite number?
True
Is 586771901 prime?
False
Is 916757053 prime?
True
Is 3925274173 prime?
True
Is 2056982299 a prime number?
False
Is 11939650858 a prime number?
False
Is 1683216131 a composite number?
True
Is 8970268759 composite?
False
Is 6259681889 a composite number?
False
Is 2731428677 composite?
False
Is 127727693 composite?
True
Is 99119816863 prime?
False
Is 75478466593 a prime number?
False
Is 1403777197 composite?
False
Is 1638100231 composite?
True
Is 23043281219 a prime number?
False
Is 223827493 composite?
True
Is 11613443011 a prime number?
False
Is 132107981 a composite number?
False
Is 60757219379 a prime number?
True
Is 1267167835 a prime number?
False
Is 14861749055 a prime number?
False
Is 461170153 prime?
True
Is 14272858927 prime?
True
Is 464223821 composite?
False
Is 540205429 a composite number?
False
Is 31340204339 a composite number?
False
Is 2151091703 composite?
False
Is 75488033 composite?
False
Is 346842193 composite?
True
Is 87854745831 a composite number?
True
Is 2396029063 a prime number?
False
Is 1868252917 a composite number?
True
Is 22336141 prime?
True
Is 948694717 a composite number?
True
Is 319120399 a composite number?
True
Is 3224927831 prime?
True
Is 113099127061 a prime number?
False
Is 2326683823 prime?
True
Is 1905157739 a prime number?
False
Is 2812183399 a composite number?
True
Is 68612351443 composite?
False
Is 12196916581 a prime number?
False
Is 497778601 a prime number?
False
Is 165563171447 a prime number?
False
Is 9876415957 composite?
True
Is 12619232029 composite?
True
Is 315219515677 a prime number